9) + (-2 - 2) - -5)
-8
(-3 - -12) + ((6 - 12) + -1 - 10)
-8
What is 4 + 2 + 3 - 7 - 1 - 4?
-3
Calculate 2 - 16 - (-1412 + 1409).
-11
(1 + -5 + 8 - -2) + (0 - -4)
10
37 + (-27 - -11) + (4 - -3)
28
Calculate 2 + 3 + 11 - 48 - -8.
-24
(-1 - 0) + (-1 - 5 - (-18 - -17))
-6
What is (-8 - (-11 - -13)) + 8?
-2
19 + 30 + -13 + -16
20
What is the value of -18 - (4 + -14 + -3)?
-5
Calculate -5 - (14 + (-29 - -1)).
9
Evaluate -35 + (47 - -13) + -32.
-7
-32 + 24 - (-5 + (-8 - 10))
15
3 - (-1 + 5 - (2 - (7 - 8)))
2
What is 3 + -4 + (-23 - -60 - 7)?
29
11 - (-2 - (3 + -15))
1
What is the value of 7 + 3 + -3 + 1 + 2 + 3?
13
Calculate (-3 - (-6 - -2)) + 0 - 1.
0
Calculate 0 + (-37 + 33 - (-1 + -3)) - -3.
3
What is (0 - -5) + (-5 + -12 - -10) + -6?
-8
Evaluate -35 - (-19 + -6) - (0 + -7).
-3
7 - 2 - (5 + -4 + -4 + 0)
8
-28 - -49 - 49 - -27
-1
What is -1351 + 1352 - (1 - 3 - -1)?
2
Calculate -18 - (17 - 30) - 12.
-17
Calculate (2 - 13) + -25 + 35.
-1
What is -5 - (2 + 0 - 7 - (-415 + 420))?
5
Calculate (-19 - (8 - 8)) + 32.
13
Calculate -6 + -3 + (12 + -7 - -20) + -3.
13
What is the value of 0 - 12 - (16 - (58 - 30))?
0
3 + -3 - ((-6 - -3) + 3 - 0)
0
Calculate 25 - (32 - -33) - -29.
-11
Evaluate (-1 - -3) + 41 + -31.
12
Calculate 7 - (-144 + 145 - (-1 - 0 - 2)).
3
-13 + 9 + (0 - -9) + 10
15
What is the value of -8 + -1 + (-91 - -75)?
-25
Calculate -9 - -8 - (16 + -1).
-16
16 - (14 + (-3 - -10))
-5
What is (-2 - (11 - 5 - 3)) + (0 - -11)?
6
Calculate -18 - ((-26 - -4) + 15 - (0 - 3)).
-14
-15 - (-6 + -6) - ((9 - 15) + 15)
-12
What is 4 - 0 - (10 + -2 + (0 - 11))?
7
(-13 - (-21 - -14)) + -14
-20
Evaluate -1 + 11 + (-330 - -303) + -4.
-21
Calculate 41 + -89 + (47 - 3).
-4
-8 + (22 - 1 - -2)
15
What is 0 + (15 - 7) + -5 + -3 - -14?
14
What is the value of -1 + 6 - (3 + 10)?
-8
6 - 15 - (-23 + 74 - 28)
-32
What is -8 - -14 - -14 - 16?
4
Calculate -13 + 6 + 0 + 7.
0
Calculate 0 + 9 + (6 - 8) + -4.
3
-21 + (26 - (23 + -13))
-5
What is the value of -12 - 5 - (-48 - -17)?
14
What is 71 - 53 - (-5 - (0 + -3 - 6))?
14
(15 - 21) + (7 - 4)
-3
What is the value of 6 - (-14 - -11 - -9)?
0
(1 - 3) + (13 + -7 + 5 - 6)
3
What is 20 + -21 + 30 + -15?
14
Evaluate (-3 - 6) + (35 + -10 - 10).
6
2 - (-19 - (-32 + 2))
-9
Evaluate (-3 - (-3 + 6)) + -3 - (6 - 37).
22
Evaluate (34 - 27) + (8 - 9).
6
Evaluate -14 + 54 + -23 + -27.
-10
What is the value of (-117 - -131) + -1 + -21?
-8
Evaluate 91 + -99 - (2 + 3).
-13
Calculate -135 + 137 + (-2 - 23).
-23
Evaluate 61 - 62 - (23 + -3).
-21
Evaluate 5 - (-37 + 29 + (0 - -10)).
3
Calculate 2 - (3 + (1 - 9)) - -2.
9
8 - ((-74 - -77) + 1 + 6)
-2
0 - -28 - 19 - (4 - 0)
5
Evaluate -8 + -1 + -9 + 15 + -5 + -2.
-10
What is 3 + -16 + (-66 + 40 - -6)?
-33
Evaluate (5 - (8 - 14)) + 2 + -41.
-28
What is -8 - (8 + 0 + -19 + 8)?
-5
11 - (7 + -2 - (-15 + -10))
-19
What is the value of 1 + 15 - (11 + -13 + 4 - -4)?
10
What is the value of (-1 - 0) + (-14 - -5) + -18 - -2?
-26
Calculate 4 + -4 + (-1 - 3) + 6.
2
-7 - (10 - 22) - 1 - 28
-24
What is the value of 21 - (0 + -11 - -6 - -10 - 5)?
21
-15 - (-10 + -1 - -2)
-6
(10 - (7 - -8)) + (3 - -16)
14
Evaluate -2 - (-10 + 5 - (3 - 2)).
4
-9 + 5 - ((-7 - -16) + 6)
-19
What is -13 + 12 + 6 + (4 + -6 - -9)?
12
Evaluate 39 + (-2 - 27) - -6.
16
Calculate 7 + -7 - (-1 + 4) - (30 - 34).
1
(-31 - -12) + 25 + -6 + (22 - 0)
22
Calculate 2 + (-5 - (-1 - (-4 + 7)) - 12).
-11
Evaluate -1 + -41 + ((14 - 50) + 11 - -32).
-35
What is (-3 - -4) + -10 - -14?
5
Calculate (4 - (4 - 3)) + -102 + 104 + -14.
-9
19 - ((16 - 44) + 30)
17
-39 + 0 + 12 + 4 + -14 + 8
-29
Calculate 14 - (14 + -12 + -9 - 0).
21
Calculate -4 + -6 + 7 + -14.
-17
Calculate (1 - 1) + -34 + 45 + 21 + -3.
29
Evaluate (-6 - (-12 - (-4 - 4))) + 7.
5
2 + -7 + 2 + -7 + (-19 - -15)
-14
What is the value of -9 - (-63 - -43) - (-2 + 32)?
-19
Evaluate 46 + -22 + -12 + 21 + -1.
32
-17 - -4 - -48 - 16
19
Calculate -26 + 25 + (-2 - 1).
-4
Calculate 2 + 2 - (1 + 11) - (-178 - -177).
-7
What is the value of (-20 - (-42 - 0)) + -9?
13
What is 32 + -11 + -31 + (0 - -23)?
13
What is (0 - 10) + (23 + -11 - 10)?
-8
22 - (9 + (-2 - 4) + 0 - -4)
15
Evaluate -175 + 183 - (-2 + (5 - 1) - -8).
-2
What is the value of -53 - (-69 - (-86 + 41))?
-29
Evaluate -16 + -11 + 41 - 14.
0
Calculate 0 + (12 - (13 + 1)).
-2
Evaluate 33 - (28 + -7) - 13.
-1
Calculate (-6 - -6) + -1 + -4.
-5
What is the value of -202 - -208 - (-2 + (0 + 1 - 15))?
22
What is 19 + -41 + -9 - -28?
-3
62 + -47 + -4 + -7
4
Calculate (1 - 8) + (151 - 30 - 82).
32
What is the value of 3 - ((7 - 7) + 6)?
-3
Calculate -48 - -59 - (24 + -5).
-8
-2 + 19 + -2 + (-8 - 1)
6
-6 + (-48 + 42 - (0 - 1 - 5))
-6
Evaluate -10 + 21 + -3 - 7.
1
What is the value of -12 + 8 - (-5 + 21 - 8)?
-12
1 + (-7 - (-4 + (-2 - -6))) + 19
13
Calculate (-6 - -6) + -2 + 1 + 0 + -1.
-2
What is 4 + 1 - 0 - (304 + -296)?
-3
(-8 - (-9 - (-12 + 8))) + 12 + 1
10
(37 - 1) + 342 + -359
19
Calculate 178 + -163 + (-2 - 6) + -3.
4
Evaluate 7 + (6 + -11 + 13 + -4 - 9).
2
749 - 747 - (-2 + -2 + 1 + 0)
5
What is the value of 3 - 0 - -1 - (64 + -43 + 0)?
-17
Evaluate 2 + (0 - 12 - 0) - (4234 + -4222).
-22
What is 5 - (7 + (3 - (-1 + 6 + -4)))?
-4
What is the value of -1 + 8 - (10 - (-15 - -2))?
-16
Calculate 38 + 14 - 25 - 46.
-19
Evaluate (-13 - -29) + 4 + -4.
16
What is -10 + 8 - (7 + (1 - 4))?
-6
-7 + 6 + 0 - (2 + 1 - 16)
12
What is -2 + 2 + -4 - ((-10 - -8) + 3)?
-5
-3 + 6 + 18 - (-208 - -208)
21
17 + (8 - (1 + -11 + 9 + 1))
25
Calculate 3 + 13 + -46 + 56 + -30.
-4
Calculate (-5 - (-7 + 16 - 6) - -5) + 0.
-3
What is the value of (-1 - -1) + 1 - -2 - -2 - 3?
2
Evaluate 4 + ((2 - -4) + 10 - 12).
8
(-3 - -10 - 19) + (2 - 5)
-15
What is -4 + (-4 + 5 - (3 - 10))?
4
Evaluate -9 - (17 + 3 + (-1 - 6)).
-22
What is (7 + -21 - (1 + -2)) + (-41 - -52)?
-2
What is the value of 14 - (22 - (31 - 13))?
10
Calculate (-2 - (-5 - -7) - 6) + 5.
-5
25 + -51 - (10 + -23)
-13
What is -37 - (21 + (-20 - 21))?
-17
Evaluate -7 - -2 - (2 - (-9 + 11)).
-5
(2 - -1 - 0) + (-31 - -35) - 9
-2
What is the value of -6 - ((9 - 23) + 22 + (-8 - 1))?
-5
(11 - (1 + 15)) + (-5 - (0 + -1))
-9
30 + -4 - (-93 + 104)
15
Calculate (2 - (2 + 7) - -10) + (-4 - 8).
-9
Evaluate -6 - ((6 - (6 - 8)) + -5).
-9
Calculate (2 - -3) + -5 - -1 - 11.
-10
What is -13 + -7 + 8 + 5 + 1 + 0?
-6
What is the value of 51 - (0 + 37 - -3)?
11
Evaluate (5 - (1 + 9)) + (-15 - -7 - -11).
-2
Evaluate (12 - 15) + 8 - 5 - 8.
-8
Evaluate (-442 - -460) + (0 - 29).
-11
Calculate 0 - 18 - (-20 - 13 - -29).
-14
Evaluate (-2 - -1) + (7 + -2 - (43 + -53)).
14
1840 + -1850 + -1 + -3
-14
What is the value of (101 - 111) + 2 + -2?
-10
Calculate -12 - (15 + -31 - -9).
-5
What is (23 - 35) + 27 - 14?
1
What is (-3 - -6) + -6 - (-16 + 13)?
0
-3 + 3 - (-52 - -43)
9
What is (-116 - -63) + (-12 - -42)?
-23
Calculate (9 - -26 - 25) + -27.
-17
What is the value of (-4 - (7 + -1)) + (-1 - -8)?
-3
What is the value of (2 - 8) + 5 + -1 + -5 + -2?
-9
(-188 - -197) + 6 + (-34 - 6)
-25
What is 1 + -13 - (-27 + (33 - 7))?
-11
Calculate -53 + 60 + -6 + 0 - -8.
9
Evaluate -27 - -47 - ((7 - 14) + 8).
19
Calculate -31 + -31 + 69 - (0 + 0 - -11).
-4
What is the value of -22 - ((-5 - -6) + -31)?
8
What is the value of -9 - ((27 - 16) + -25)?
5
Calculate (13 - (67 + -31)) + 39.
16
Evaluate (0 - 4) + 6 + -8.
-6
Evaluate -391 + 408 - (1 + 22).
-6
Evaluate 6 + (-66 - -54 - (-1 - (0 - 7))).
-12
What is (-23 - 1) + (126 - 142)?
-40
26 + -17 + -51 - -24
-18
What is (36 - -7) + -22 + -1?
20
What is the value of 18 + (-4 + 0 - (-27 - -18) - -1)?
24
What is -44 + 68 - (-15 - -9)?
30
What is the value of -14 - (-3 + -4 + (1 - -3))?
-11
Calculate -8 + (8 - 4) - (-11 - -3).
4
What is 8 + 0 - (18 - 5 - (8 - 37))?
-34
Calculate 9 + (20 + 11 + 0 + -6 - 4).
30
Evaluate 8 + (36 - 42 - (9 + -1)).
-6
3 - 6 - -4 - (13 + -2 - 9)
-1
What is 2 - (-1 - -5) - (-271 - -304)?
-35
What is the value of -2 + -23 - (-5 - -11 - 12)?
-19
Calculate 4 + 7 + -20 + 6.
-3
Evaluate (-6 - 6 - -5) + (8 - 4).
-3
25 - (50 - (-47 - -47))
-25
What is 0 - -3 - (21 + (-13 - -3))?
-8
Calculate -33 - -32 - (1 + -10).
8
What is the value of (3 - 2 - (-3 + 0)) + -43 + 48?
9
What is 0 - 2 - 3 - (2 - 18)?
11
-1 + 9 + (29 - (-47 - -83))
1
Calculate 2 + -1 + -4 + (18 - (-2 + 5)).
12
What is (8 + 4 - 2 - -8) + 3?
21
W